rime factors of 140321?
140321
List the prime factors of 972.
2, 3
List the prime factors of 60597.
3, 6733
What are the prime factors of 3676?
2, 919
What are the prime factors of 5699?
41, 139
List the prime factors of 8028.
2, 3, 223
What are the prime factors of 468?
2, 3, 13
List the prime factors of 6073.
6073
What are the prime factors of 735?
3, 5, 7
List the prime factors of 9934.
2, 4967
What are the prime factors of 83491?
29, 2879
What are the prime factors of 1086?
2, 3, 181
What are the prime factors of 9339?
3, 11, 283
What are the prime factors of 29044?
2, 53, 137
List the prime factors of 1489.
1489
List the prime factors of 10367.
7, 1481
What are the prime factors of 3178?
2, 7, 227
What are the prime factors of 29033?
29033
What are the prime factors of 44448?
2, 3, 463
What are the prime factors of 2662?
2, 11
What are the prime factors of 6088?
2, 761
What are the prime factors of 1253?
7, 179
What are the prime factors of 24873?
3, 8291
What are the prime factors of 20480?
2, 5
List the prime factors of 16443.
3, 7, 29
What are the prime factors of 30194?
2, 31, 487
List the prime factors of 515.
5, 103
List the prime factors of 538.
2, 269
What are the prime factors of 13860?
2, 3, 5, 7, 11
What are the prime factors of 16?
2
List the prime factors of 5064.
2, 3, 211
What are the prime factors of 1004?
2, 251
List the prime factors of 730.
2, 5, 73
List the prime factors of 48749.
29, 41
What are the prime factors of 4263?
3, 7, 29
List the prime factors of 212841.
3, 7883
List the prime factors of 2424.
2, 3, 101
What are the prime factors of 2354?
2, 11, 107
What are the prime factors of 5746?
2, 13, 17
List the prime factors of 45648.
2, 3, 317
What are the prime factors of 17820?
2, 3, 5, 11
What are the prime factors of 27?
3
What are the prime factors of 1166?
2, 11, 53
What are the prime factors of 869?
11, 79
List the prime factors of 14401.
14401
List the prime factors of 874.
2, 19, 23
What are the prime factors of 81?
3
What are the prime factors of 17166?
2, 3, 2861
What are the prime factors of 17243?
43, 401
List the prime factors of 7324.
2, 1831
What are the prime factors of 609?
3, 7, 29
What are the prime factors of 293?
293
List the prime factors of 67862.
2, 33931
List the prime factors of 16323.
3, 5441
What are the prime factors of 32330?
2, 5, 53, 61
What are the prime factors of 969?
3, 17, 19
List the prime factors of 45524.
2, 19, 599
List the prime factors of 1850.
2, 5, 37
List the prime factors of 206.
2, 103
List the prime factors of 3115.
5, 7, 89
What are the prime factors of 18780?
2, 3, 5, 313
List the prime factors of 47127.
3, 23, 683
What are the prime factors of 1226?
2, 613
List the prime factors of 394.
2, 197
What are the prime factors of 615?
3, 5, 41
List the prime factors of 2473.
2473
List the prime factors of 881.
881
List the prime factors of 94.
2, 47
What are the prime factors of 5226?
2, 3, 13, 67
List the prime factors of 4980.
2, 3, 5, 83
List the prime factors of 20315.
5, 17, 239
List the prime factors of 112378.
2, 7, 23, 349
What are the prime factors of 630?
2, 3, 5, 7
List the prime factors of 131636.
2, 32909
What are the prime factors of 3471?
3, 13, 89
What are the prime factors of 1767?
3, 19, 31
What are the prime factors of 2004?
2, 3, 167
What are the prime factors of 25433?
29, 877
What are the prime factors of 1640?
2, 5, 41
List the prime factors of 2021.
43, 47
List the prime factors of 108251.
11, 13, 757
What are the prime factors of 98336?
2, 7, 439
What are the prime factors of 144?
2, 3
List the prime factors of 47245.
5, 11, 859
What are the prime factors of 53754?
2, 3, 17, 31
List the prime factors of 2934.
2, 3, 163
What are the prime factors of 27324?
2, 3, 11, 23
What are the prime factors of 11735?
5, 2347
What are the prime factors of 17022?
2, 3, 2837
List the prime factors of 33201.
3, 7, 17, 31
What are the prime factors of 8699?
8699
List the prime factors of 2497.
11, 227
List the prime factors of 18380.
2, 5, 919
What are the prime factors of 3265?
5, 653
What are the prime factors of 1001?
7, 11, 13
List the prime factors of 2877.
3, 7, 137
What are the prime factors of 163?
163
What are the prime factors of 30576?
2, 3, 7, 13
What are the prime factors of 8083?
59, 137
List the prime factors of 3678.
2, 3, 613
List the prime factors of 495.
3, 5, 11
List the prime factors of 842.
2, 421
What are the prime factors of 90227?
90227
What are the prime factors of 26624?
2, 13
What are the prime factors of 350?
2, 5, 7
List the prime factors of 1091.
1091
List the prime factors of 7441.
7, 1063
List the prime factors of 22811.
22811
What are the prime factors of 7137?
3, 13, 61
List the prime factors of 47189.
47189
List the prime factors of 1995.
3, 5, 7, 19
What are the prime factors of 113?
113
What are the prime factors of 13429?
13, 1033
List the prime factors of 6259.
11, 569
List the prime factors of 42908.
2, 17, 631
List the prime factors of 7284.
2, 3, 607
What are the prime factors of 166992?
2, 3, 7, 71
List the prime factors of 4564.
2, 7, 163
List the prime factors of 9914.
2, 4957
List the prime factors of 233.
233
What are the prime factors of 4355?
5, 13, 67
List the prime factors of 8369.
8369
What are the prime factors of 4740?
2, 3, 5, 79
List the prime factors of 1314.
2, 3, 73
What are the prime factors of 83089?
83089
What are the prime factors of 271?
271
List the prime factors of 1253.
7, 179
What are the prime factors of 147804?
2, 3, 109, 113
What are the prime factors of 908?
2, 227
List the prime factors of 6728.
2, 29
List the prime factors of 116620.
2, 5, 7, 17
What are the prime factors of 1345?
5, 269
What are the prime factors of 70631?
11, 6421
What are the prime factors of 8829?
3, 109
List the prime factors of 29661.
3, 9887
List the prime factors of 1862.
2, 7, 19
List the prime factors of 27370.
2, 5, 7, 17, 23
What are the prime factors of 17408?
2, 17
What are the prime factors of 413?
7, 59
List the prime factors of 3453.
3, 1151
List the prime factors of 78065.
5, 13, 1201
What are the prime factors of 465?
3, 5, 31
List the prime factors of 99252.
2, 3, 919
List the prime factors of 1015.
5, 7, 29
What are the prime factors of 182554?
2, 97, 941
What are the prime factors of 106711?
11, 89, 109
What are the prime factors of 1596?
2, 3, 7, 19
What are the prime factors of 59932?
2, 14983
What are the prime factors of 2252?
2, 563
List the prime factors of 1267.
7, 181
List the prime factors of 5748.
2, 3, 479
List the prime factors of 73729.
17, 4337
What are the prime factors of 456?
2, 3, 19
List the prime factors of 33461.
33461
List the prime factors of 12137.
53, 229
List the prime factors of 5064.
2, 3, 211
What are the prime factors of 7?
7
What are the prime factors of 4761?
3, 23
List the prime factors of 133815.
3, 5, 11, 811
What are the prime factors of 215?
5, 43
What are the prime factors of 1598?
2, 17, 47
What are the prime factors of 427?
7, 61
List the prime factors of 73088.
2, 571
What are the prime factors of 49597?
49597
What are the prime factors of 234?
2, 3, 13
List the prime factors of 50756.
2, 12689
List the prime factors of 5799.
3, 1933
What are the prime factors of 216?
2, 3
List the prime factors of 17238.
2, 3, 13, 17
List the prime factors of 1415.
5, 283
What are the prime factors of 307?
307
What are the prime factors of 3761?
3761
List the prime factors of 34137.
3, 3793
List the prime factors of 26906.
2, 11, 1223
What are the prime factors of 71066?
2, 35533
What are the prime factors of 513?
3, 19
What are the prime factors of 1167?
3, 389
List the prime factors of 805.
5, 7, 23
What are the prime factors of 3796?
2, 13, 73
List the prime factors of 13046.
2, 11, 593
List the prime factors of 1428.
2, 3, 7, 17
List the prime factors of 9131.
23, 397
What are the prime factors of 97197?
3, 179, 181
List the prime factors of 13831.
13831
What are the prime factors of 3240?
2, 3, 5
List the prime factors of 2076.
2, 3, 173
What are the prime factors of 2619?
3, 97
List the prime factors of 16390.
2, 5, 11, 149
What are the prime factors of 999?
3, 37
What are the prime factors of 44215?
5, 37, 239
List the prime factors of 18236.
2, 47, 97
What are the